 -0*w. What is the remainder when w is divided by p?
5
Let y(c) = -4*c - 3. Let v(i) = -i. Let j(z) = v(z) - y(z). What is the remainder when 46 is divided by j(3)?
10
Let j(z) = -z**2 + 9*z. Let f(i) = -i**2 + 17*i + 1. Let a(m) = 3*f(m) - 5*j(m). Calculate the remainder when (-1)/(1/19*-1) is divided by a(-4).
8
Suppose v = -4*v + 385. Let r = v + -36. What is the remainder when r is divided by 15?
11
Let o be (-6)/(-10) + (-4)/(-10). Let p = o - -1. Calculate the remainder when p is divided by 2.
0
Suppose 7*q = 7 + 161. Let f = -6 + 19. What is the remainder when q is divided by f?
11
Suppose -5*l - 30 = -11*l. Calculate the remainder when l is divided by 2.
1
Suppose 4*s - w = 54, -2*w + 8 = 2*w. What is the remainder when (2 - 8) + 4 + 57 is divided by s?
13
Let h(z) = -z + 3. Suppose 2*w - u = -0*w - 14, -3*w + 5*u - 7 = 0. Let g(r) = 36*r**2 - r. What is the remainder when g(1) is divided by h(w)?
11
Suppose s - 60 = -5*d, -90 = -5*d - 2*s + 7*s. What is the remainder when 23 is divided by d?
10
Suppose 5*s = 2*c - 241, -4*s - 9 = -s. Let u be c/4 + (-1)/4. Suppose u = -5*z + 9*z. Calculate the remainder when z is divided by 3.
1
Suppose 28 = 4*o + 2*p, 0*p + 2*p = -o + 7. What is the remainder when 11 is divided by o?
4
Let t(l) = -l**2 - 3*l - 6. Let v be t(-5). Let x be (v/12)/((-1)/9). Let f = x - 5. What is the remainder when f is divided by 4?
3
Let p be (-17)/(-2)*2*1. Suppose -44 = -4*h + 4*v, 12 + p = 3*h + v. Suppose -w + 10 + h = 0. Calculate the remainder when w is divided by 7.
6
Suppose -5*w - 7*m = -3*m - 530, -2*w + 212 = 4*m. Let k = 156 - w. Suppose -2*f = -3*b - 6 - 25, b = 5*f - 84. Calculate the remainder when k is divided by f.
16
Suppose 2*u + 2*i - 7*i = -6, 0 = 5*u + 2*i - 14. Suppose -u*c = -7*c + 25. Let m(w) = 2*w + 1. What is the remainder when m(3) is divided by c?
2
Suppose 4*j + j + 170 = 0. Let v = j - -48. Calculate the remainder when 39 is divided by v.
11
Let k(l) = -l**3 - 8*l**2 - 2*l - 7. Let g be (8 + 0)*3/(-3). What is the remainder when 34 is divided by k(g)?
7
Suppose -b = 3*k - 80, -84 = -5*k + 5*b + 56. What is the remainder when 106 is divided by k?
25
Suppose -2*l - 4 - 4 = 0. Let y = l - -20. What is the remainder when 46 is divided by y?
14
Suppose 2 = b - 2. Suppose -3*c - b*m + 31 = 0, -3*c + 8*c - 3*m - 42 = 0. What is the remainder when 26 is divided by c?
8
Let f = 9 - 15. What is the remainder when (-148)/f + 10/(-15) is divided by 13?
11
Suppose -8*j = 3*j - 473. Let c = 11 + -4. Suppose -c*v = -2*v - 75. What is the remainder when j is divided by v?
13
Suppose 3*n + 2*a = 12, 4*n = -3*a + 17 - 0. What is the remainder when 22 is divided by n?
0
Suppose 0*k - 4*v - 138 = -k, 0 = k - v - 126. Calculate the remainder when k is divided by 42.
38
Let o(g) = 7*g**2 - g + 1. Let i = 17 - 16. Calculate the remainder when o(i) is divided by 5.
2
Let r(a) = -a**2 - 3*a + 3. Let o(b) = b + 2. Let m be o(-5). Let v be r(m). Let x = 3 + v. Calculate the remainder when 11 is divided by x.
5
Let c(p) = -4*p - 4. Calculate the remainder when -4*5/12*(-1 + -8) is divided by c(-3).
7
Suppose 5*c + 5*s = 0, c - s = 4*c - 6. Calculate the remainder when 14 is divided by c.
2
Suppose 2*r = 0, 5*b = 8*r - 13*r + 80. What is the remainder when (-124 + 2)*(-2)/4 is divided by b?
13
Let a be (-12)/9*(-6)/4. Let b = a + 1. Suppose b*m = 21 - 3. What is the remainder when 10 is divided by m?
4
Let n(z) = z + 3. Let j = -2 - -5. Let x(p) = 2*p + 3. Let h(y) = j*x(y) - 4*n(y). What is the remainder when 4 is divided by h(3)?
1
Let b(y) = -6 + 0*y**3 - y**3 + 4*y - 2*y**2 - 2*y**2. Let p be b(-6). What is the remainder when 40 is divided by (0 + -1)/((-3)/p)?
12
Let k(i) = -4*i - 8. Calculate the remainder when k(-12) is divided by 14.
12
Let b = -2 - -78. Suppose -g + b = 3*g. Calculate the remainder when g is divided by 5.
4
What is the remainder when 112 is divided by 2/3*-1*(-47 - -2)?
22
Calculate the remainder when 45 is divided by (-5)/(-40)*98 - (-2)/(-8).
9
Suppose -2 = -5*u - 12, 5*q + u = -32. Suppose -4*s - 5*p + 39 = -69, -130 = -5*s - 5*p. Let c = q + s. Calculate the remainder when c is divided by 6.
4
Suppose 5*g = -0*z + 3*z + 107, 0 = 4*g + 3*z - 91. Suppose -4*c - 68 = 2*k, 2*c = -4*k + k - 42. Let r = c + 27. What is the remainder when g is divided by r?
10
Let p be 18/2*(-28)/21. Let y = 39 + p. Calculate the remainder when 107 is divided by y.
26
Let j = 10 - 38. Let h = -15 - j. Calculate the remainder when 38 is divided by h.
12
What is the remainder when 68 - (-1)/4*-4 is divided by 23?
21
Suppose -4*d + 4 = -5*d, -c + 22 = -5*d. Suppose -f = c*f - 2*u - 21, 3*u = 9. What is the remainder when 17 is divided by f?
8
Let l = -4 - -7. Suppose 3*x = 5*p - 399 + 107, l*x - 180 = -3*p. What is the remainder when p is divided by 20?
19
Suppose k = -m - 1, -m - 4*k = -2*m + 14. Calculate the remainder when m is divided by 1.
0
Let y = 27 + -18. Suppose 2*w = o + 2, w + y = 3*o - 0*w. Let b = 18 - 8. What is the remainder when b is divided by o?
2
Let j = 6 + -9. Let k = j + 6. Suppose 4*g - 157 = p, -k*g - p + 4*p = -111. Calculate the remainder when g is divided by 14.
12
Let j be (6 - 2)/(0 + 1). Let d(n) = 6*n - 1. What is the remainder when d(j) is divided by 8?
7
Let x = 6 + -6. Suppose x = -5*u - p + 48 + 19, -5*p = -4*u + 42. Calculate the remainder when 22 is divided by u.
9
Let i(n) = -n**3 + 3*n**2 + 5*n + 10. Let b = -22 - -18. What is the remainder when i(b) is divided by 35?
32
Suppose 5*h = -4 - 46. What is the remainder when 6/(-5)*h/3 is divided by 20/(-8) + 3 + 10/4?
1
Suppose -3*d - 2*d + 2*c = 34, d - 2*c = -10. Let z(o) = o**3 + 6*o**2 - 2*o - 4. What is the remainder when 21 is divided by z(d)?
5
Let b(o) = -4*o - 3. Let a = -9 - -7. What is the remainder when 14 is divided by b(a)?
4
Suppose -f = 3*f + 4*w + 8, -f = 3*w + 12. Suppose -2*y - 4*q = -535 + 1833, f*q = -2*y - 1293. What is the remainder when 1/(-4) - y/12 is divided by 14?
11
Let c(g) = -g + 1. Let p(l) = -l**3 + 11*l**2 + 18*l + 4. Let b(d) = 5*c(d) + p(d). Calculate the remainder when 41 is divided by b(12).
20
Suppose -4*d = -16 + 4, 3*d = 5*y + 39. Let h(p) = p**2 - 2*p + 5. What is the remainder when h(y) is divided by 28?
25
Let h = 119 - 114. Calculate the remainder when 4/14 + 61/7 is divided by h.
4
Suppose -j - 4 + 6 = 0. Suppose -4*a + 22 = 5*x - 31, 2*a - 28 = -j*x. Calculate the remainder when 33 is divided by a.
16
Suppose -5*s - 14 = -64. Suppose a = 3*f + 4*a - 39, -4*a - 23 = -f. Calculate the remainder when (28/s)/(1/10) is divided by f.
13
Suppose s + 0*h - h - 12 = 0, -s - 4*h - 3 = 0. Let c(r) = -34*r**3 - r**2 - r - 1. What is the remainder when c(-1) is divided by s?
6
Suppose 20 = -5*j, -4*j + 0*j = 2*a - 18. Calculate the remainder when 47 is divided by a.
13
Let c(m) = -3*m + 23. Suppose 2*h = 2*n + 36, 0 = -4*h + 3*n + 40 + 28. Calculate the remainder when c(-6) is divided by h.
13
Suppose 3*c = -4 + 34. Calculate the remainder when (-6)/c + 516/60 is divided by 2.
0
Suppose -2*f + 2*h - 22 = 2*f, -5*f = -5*h + 20. Let o(q) = -3*q - 7. Let r be o(f). Let k = r - -2. What is the remainder when k is divided by 9?
7
Let k = 15 - 14. Let r(g) be the second derivative of 7*g**4/4 - g**3/3 + g**2/2 + g. What is the remainder when 59 is divided by r(k)?
19
Let i(r) = 19*r**2 + 4*r + 5. Calculate the remainder when 36 is divided by i(-1).
16
Suppose 4*x + 0*x = 280. What is the remainder when 4/(1/(x/4)) is divided by 18?
16
Suppose 17 = 3*f - j, 2*f + 2*j - 14 = 4*j. Calculate the remainder when 36 is divided by f.
1
Let r(q) = -3*q - 2*q**2 + 3*q**2 + 5*q**2. Calculate the remainder when 34 is divided by r(2).
16
Let t(d) = -d**2 - 14. Let h be t(6). Let w = 0 - h. Calculate the remainder when w is divided by (0 + -1)/(2/(-34)).
16
What is the remainder when 50 is divided by 3/2*(-52)/(-6)?
11
Suppose 0 = 2*n + n - 144. What is the remainder when 143 is divided by n?
47
Suppose -86 = 4*f + 94. Let b = f + 112. What is the remainder when b is divided by 23?
21
Let z(w) = -7*w**2 - 3. Let f be z(-3). Let n be 4/8 - f/4. Suppose 3*v = 2*g + 8*v + 17, 3*g - n = v. Calculate the remainder when g is divided by 3.
1
Let p(i) = i**2 - 1. Let f be p(1). Suppose f = 5*o + t - 6, 3*o + 0*o + 3